{"id":24,"date":"2015-11-20T13:43:31","date_gmt":"2015-11-20T12:43:31","guid":{"rendered":"http:\/\/wp.mec-arnsdorf.de\/?page_id=24"},"modified":"2015-11-26T11:44:49","modified_gmt":"2015-11-26T10:44:49","slug":"verein","status":"publish","type":"page","link":"https:\/\/www.mec-arnsdorf.de\/index.php\/verein\/","title":{"rendered":"Verein"},"content":{"rendered":"<p style=\"text-align: left;\"><div id=\"metaslider-id-147\" style=\"max-width: 300px;\" class=\"ml-slider-3-105-0 metaslider metaslider-nivo metaslider-147 ml-slider ms-right ms-theme-default\" role=\"region\" aria-label=\"Impressionen 2015\" data-height=\"200\" data-width=\"300\">\n    <div id=\"metaslider_container_147\">\n        <div class='slider-wrapper theme-default'><div class='ribbon'><\/div><div id='metaslider_147' class='nivoSlider'><img loading=\"lazy\" decoding=\"async\" width=\"1024\" height=\"576\" src=\"https:\/\/www.mec-arnsdorf.de\/wp-content\/uploads\/2015\/11\/20150130_213921.jpg\" class=\"slider-147 slide-158 msDefaultImage\" alt=\"\" data-caption=\"\" data-thumb=\"\" title=\"\" rel=\"\" srcset=\"https:\/\/www.mec-arnsdorf.de\/wp-content\/uploads\/2015\/11\/20150130_213921.jpg 1024w, https:\/\/www.mec-arnsdorf.de\/wp-content\/uploads\/2015\/11\/20150130_213921-300x169.jpg 300w\" sizes=\"auto, (max-width: 1024px) 100vw, 1024px\" \/><img loading=\"lazy\" decoding=\"async\" width=\"1024\" height=\"768\" src=\"https:\/\/www.mec-arnsdorf.de\/wp-content\/uploads\/2015\/11\/20150109_220937.jpg\" class=\"slider-147 slide-155 msDefaultImage\" alt=\"\" data-caption=\"\" data-thumb=\"\" title=\"\" rel=\"\" srcset=\"https:\/\/www.mec-arnsdorf.de\/wp-content\/uploads\/2015\/11\/20150109_220937.jpg 1024w, https:\/\/www.mec-arnsdorf.de\/wp-content\/uploads\/2015\/11\/20150109_220937-300x225.jpg 300w\" sizes=\"auto, (max-width: 1024px) 100vw, 1024px\" \/><img loading=\"lazy\" decoding=\"async\" width=\"1024\" height=\"576\" src=\"https:\/\/www.mec-arnsdorf.de\/wp-content\/uploads\/2015\/11\/20150109_215350.jpg\" class=\"slider-147 slide-150 msDefaultImage\" alt=\"\" data-caption=\"\" data-thumb=\"\" title=\"\" rel=\"\" srcset=\"https:\/\/www.mec-arnsdorf.de\/wp-content\/uploads\/2015\/11\/20150109_215350.jpg 1024w, https:\/\/www.mec-arnsdorf.de\/wp-content\/uploads\/2015\/11\/20150109_215350-300x169.jpg 300w\" sizes=\"auto, (max-width: 1024px) 100vw, 1024px\" \/><img loading=\"lazy\" decoding=\"async\" width=\"1024\" height=\"576\" src=\"https:\/\/www.mec-arnsdorf.de\/wp-content\/uploads\/2015\/11\/20150220_222024.jpg\" class=\"slider-147 slide-174 msDefaultImage\" alt=\"\" data-caption=\"\" data-thumb=\"\" title=\"\" rel=\"\" srcset=\"https:\/\/www.mec-arnsdorf.de\/wp-content\/uploads\/2015\/11\/20150220_222024.jpg 1024w, https:\/\/www.mec-arnsdorf.de\/wp-content\/uploads\/2015\/11\/20150220_222024-300x169.jpg 300w\" sizes=\"auto, (max-width: 1024px) 100vw, 1024px\" \/><img loading=\"lazy\" decoding=\"async\" width=\"1024\" height=\"576\" src=\"https:\/\/www.mec-arnsdorf.de\/wp-content\/uploads\/2015\/11\/20150221_134207.jpg\" class=\"slider-147 slide-180 msDefaultImage\" alt=\"\" data-caption=\"\" data-thumb=\"\" title=\"\" rel=\"\" srcset=\"https:\/\/www.mec-arnsdorf.de\/wp-content\/uploads\/2015\/11\/20150221_134207.jpg 1024w, https:\/\/www.mec-arnsdorf.de\/wp-content\/uploads\/2015\/11\/20150221_134207-300x169.jpg 300w\" sizes=\"auto, (max-width: 1024px) 100vw, 1024px\" \/><img loading=\"lazy\" decoding=\"async\" width=\"1024\" height=\"576\" src=\"https:\/\/www.mec-arnsdorf.de\/wp-content\/uploads\/2015\/11\/20150220_215348.jpg\" class=\"slider-147 slide-165 msDefaultImage\" alt=\"\" data-caption=\"\" data-thumb=\"\" title=\"\" rel=\"\" srcset=\"https:\/\/www.mec-arnsdorf.de\/wp-content\/uploads\/2015\/11\/20150220_215348.jpg 1024w, https:\/\/www.mec-arnsdorf.de\/wp-content\/uploads\/2015\/11\/20150220_215348-300x169.jpg 300w\" sizes=\"auto, (max-width: 1024px) 100vw, 1024px\" \/><img loading=\"lazy\" decoding=\"async\" width=\"1024\" height=\"576\" src=\"https:\/\/www.mec-arnsdorf.de\/wp-content\/uploads\/2015\/11\/20150220_222126.jpg\" class=\"slider-147 slide-175 msDefaultImage\" alt=\"\" data-caption=\"\" data-thumb=\"\" title=\"\" rel=\"\" srcset=\"https:\/\/www.mec-arnsdorf.de\/wp-content\/uploads\/2015\/11\/20150220_222126.jpg 1024w, https:\/\/www.mec-arnsdorf.de\/wp-content\/uploads\/2015\/11\/20150220_222126-300x169.jpg 300w\" sizes=\"auto, (max-width: 1024px) 100vw, 1024px\" \/><img loading=\"lazy\" decoding=\"async\" width=\"1024\" height=\"576\" src=\"https:\/\/www.mec-arnsdorf.de\/wp-content\/uploads\/2015\/11\/20150220_220802.jpg\" class=\"slider-147 slide-167 msDefaultImage\" alt=\"\" data-caption=\"\" data-thumb=\"\" title=\"\" rel=\"\" srcset=\"https:\/\/www.mec-arnsdorf.de\/wp-content\/uploads\/2015\/11\/20150220_220802.jpg 1024w, https:\/\/www.mec-arnsdorf.de\/wp-content\/uploads\/2015\/11\/20150220_220802-300x169.jpg 300w\" sizes=\"auto, (max-width: 1024px) 100vw, 1024px\" \/><img loading=\"lazy\" decoding=\"async\" width=\"1024\" height=\"576\" src=\"https:\/\/www.mec-arnsdorf.de\/wp-content\/uploads\/2015\/11\/20150220_215144.jpg\" class=\"slider-147 slide-163 msDefaultImage\" alt=\"\" data-caption=\"\" data-thumb=\"\" title=\"\" rel=\"\" srcset=\"https:\/\/www.mec-arnsdorf.de\/wp-content\/uploads\/2015\/11\/20150220_215144.jpg 1024w, https:\/\/www.mec-arnsdorf.de\/wp-content\/uploads\/2015\/11\/20150220_215144-300x169.jpg 300w\" sizes=\"auto, (max-width: 1024px) 100vw, 1024px\" \/><img loading=\"lazy\" decoding=\"async\" width=\"1024\" height=\"768\" src=\"https:\/\/www.mec-arnsdorf.de\/wp-content\/uploads\/2015\/11\/20150109_220303.jpg\" class=\"slider-147 slide-151 msDefaultImage\" alt=\"\" data-caption=\"\" data-thumb=\"\" title=\"\" rel=\"\" srcset=\"https:\/\/www.mec-arnsdorf.de\/wp-content\/uploads\/2015\/11\/20150109_220303.jpg 1024w, https:\/\/www.mec-arnsdorf.de\/wp-content\/uploads\/2015\/11\/20150109_220303-300x225.jpg 300w\" sizes=\"auto, (max-width: 1024px) 100vw, 1024px\" \/><img loading=\"lazy\" decoding=\"async\" width=\"1024\" height=\"576\" src=\"https:\/\/www.mec-arnsdorf.de\/wp-content\/uploads\/2015\/11\/20150220_221838.jpg\" class=\"slider-147 slide-172 msDefaultImage\" alt=\"\" data-caption=\"\" data-thumb=\"\" title=\"\" rel=\"\" srcset=\"https:\/\/www.mec-arnsdorf.de\/wp-content\/uploads\/2015\/11\/20150220_221838.jpg 1024w, https:\/\/www.mec-arnsdorf.de\/wp-content\/uploads\/2015\/11\/20150220_221838-300x169.jpg 300w\" sizes=\"auto, (max-width: 1024px) 100vw, 1024px\" \/><img loading=\"lazy\" decoding=\"async\" width=\"1024\" height=\"576\" src=\"https:\/\/www.mec-arnsdorf.de\/wp-content\/uploads\/2015\/11\/20150221_133100.jpg\" class=\"slider-147 slide-177 msDefaultImage\" alt=\"\" data-caption=\"\" data-thumb=\"\" title=\"\" rel=\"\" srcset=\"https:\/\/www.mec-arnsdorf.de\/wp-content\/uploads\/2015\/11\/20150221_133100.jpg 1024w, https:\/\/www.mec-arnsdorf.de\/wp-content\/uploads\/2015\/11\/20150221_133100-300x169.jpg 300w\" sizes=\"auto, (max-width: 1024px) 100vw, 1024px\" \/><img loading=\"lazy\" decoding=\"async\" width=\"1024\" height=\"576\" src=\"https:\/\/www.mec-arnsdorf.de\/wp-content\/uploads\/2015\/11\/20150109_215212.jpg\" class=\"slider-147 slide-149 msDefaultImage\" alt=\"\" data-caption=\"\" data-thumb=\"\" title=\"\" rel=\"\" srcset=\"https:\/\/www.mec-arnsdorf.de\/wp-content\/uploads\/2015\/11\/20150109_215212.jpg 1024w, https:\/\/www.mec-arnsdorf.de\/wp-content\/uploads\/2015\/11\/20150109_215212-300x169.jpg 300w\" sizes=\"auto, (max-width: 1024px) 100vw, 1024px\" \/><img loading=\"lazy\" decoding=\"async\" width=\"1024\" height=\"576\" src=\"https:\/\/www.mec-arnsdorf.de\/wp-content\/uploads\/2015\/11\/20150220_221602.jpg\" class=\"slider-147 slide-170 msDefaultImage\" alt=\"\" data-caption=\"\" data-thumb=\"\" title=\"\" rel=\"\" srcset=\"https:\/\/www.mec-arnsdorf.de\/wp-content\/uploads\/2015\/11\/20150220_221602.jpg 1024w, https:\/\/www.mec-arnsdorf.de\/wp-content\/uploads\/2015\/11\/20150220_221602-300x169.jpg 300w\" sizes=\"auto, (max-width: 1024px) 100vw, 1024px\" \/><img loading=\"lazy\" decoding=\"async\" width=\"1024\" height=\"576\" src=\"https:\/\/www.mec-arnsdorf.de\/wp-content\/uploads\/2015\/11\/20150220_214910.jpg\" class=\"slider-147 slide-161 msDefaultImage\" alt=\"\" data-caption=\"\" data-thumb=\"\" title=\"\" rel=\"\" srcset=\"https:\/\/www.mec-arnsdorf.de\/wp-content\/uploads\/2015\/11\/20150220_214910.jpg 1024w, https:\/\/www.mec-arnsdorf.de\/wp-content\/uploads\/2015\/11\/20150220_214910-300x169.jpg 300w\" sizes=\"auto, (max-width: 1024px) 100vw, 1024px\" \/><img loading=\"lazy\" decoding=\"async\" width=\"1024\" height=\"576\" src=\"https:\/\/www.mec-arnsdorf.de\/wp-content\/uploads\/2015\/11\/20150130_213520.jpg\" class=\"slider-147 slide-156 msDefaultImage\" alt=\"\" data-caption=\"\" data-thumb=\"\" title=\"\" rel=\"\" srcset=\"https:\/\/www.mec-arnsdorf.de\/wp-content\/uploads\/2015\/11\/20150130_213520.jpg 1024w, https:\/\/www.mec-arnsdorf.de\/wp-content\/uploads\/2015\/11\/20150130_213520-300x169.jpg 300w\" sizes=\"auto, (max-width: 1024px) 100vw, 1024px\" \/><img loading=\"lazy\" decoding=\"async\" width=\"1024\" height=\"576\" src=\"https:\/\/www.mec-arnsdorf.de\/wp-content\/uploads\/2015\/11\/20150221_132953.jpg\" class=\"slider-147 slide-176 msDefaultImage\" alt=\"\" data-caption=\"\" data-thumb=\"\" title=\"\" rel=\"\" srcset=\"https:\/\/www.mec-arnsdorf.de\/wp-content\/uploads\/2015\/11\/20150221_132953.jpg 1024w, https:\/\/www.mec-arnsdorf.de\/wp-content\/uploads\/2015\/11\/20150221_132953-300x169.jpg 300w\" sizes=\"auto, (max-width: 1024px) 100vw, 1024px\" \/><img loading=\"lazy\" decoding=\"async\" width=\"1024\" height=\"768\" src=\"https:\/\/www.mec-arnsdorf.de\/wp-content\/uploads\/2015\/11\/20150109_220836.jpg\" class=\"slider-147 slide-153 msDefaultImage\" alt=\"\" data-caption=\"\" data-thumb=\"\" title=\"\" rel=\"\" srcset=\"https:\/\/www.mec-arnsdorf.de\/wp-content\/uploads\/2015\/11\/20150109_220836.jpg 1024w, https:\/\/www.mec-arnsdorf.de\/wp-content\/uploads\/2015\/11\/20150109_220836-300x225.jpg 300w\" sizes=\"auto, (max-width: 1024px) 100vw, 1024px\" \/><img loading=\"lazy\" decoding=\"async\" width=\"1024\" height=\"576\" src=\"https:\/\/www.mec-arnsdorf.de\/wp-content\/uploads\/2015\/11\/20150220_221800.jpg\" class=\"slider-147 slide-171 msDefaultImage\" alt=\"\" data-caption=\"\" data-thumb=\"\" title=\"\" rel=\"\" srcset=\"https:\/\/www.mec-arnsdorf.de\/wp-content\/uploads\/2015\/11\/20150220_221800.jpg 1024w, https:\/\/www.mec-arnsdorf.de\/wp-content\/uploads\/2015\/11\/20150220_221800-300x169.jpg 300w\" sizes=\"auto, (max-width: 1024px) 100vw, 1024px\" \/><img loading=\"lazy\" decoding=\"async\" width=\"1024\" height=\"576\" src=\"https:\/\/www.mec-arnsdorf.de\/wp-content\/uploads\/2015\/11\/20150130_213630.jpg\" class=\"slider-147 slide-157 msDefaultImage\" alt=\"\" data-caption=\"\" data-thumb=\"\" title=\"\" rel=\"\" srcset=\"https:\/\/www.mec-arnsdorf.de\/wp-content\/uploads\/2015\/11\/20150130_213630.jpg 1024w, https:\/\/www.mec-arnsdorf.de\/wp-content\/uploads\/2015\/11\/20150130_213630-300x169.jpg 300w\" sizes=\"auto, (max-width: 1024px) 100vw, 1024px\" \/><img loading=\"lazy\" decoding=\"async\" width=\"1024\" height=\"576\" src=\"https:\/\/www.mec-arnsdorf.de\/wp-content\/uploads\/2015\/11\/20150221_134034.jpg\" class=\"slider-147 slide-179 msDefaultImage\" alt=\"\" data-caption=\"\" data-thumb=\"\" title=\"\" rel=\"\" srcset=\"https:\/\/www.mec-arnsdorf.de\/wp-content\/uploads\/2015\/11\/20150221_134034.jpg 1024w, https:\/\/www.mec-arnsdorf.de\/wp-content\/uploads\/2015\/11\/20150221_134034-300x169.jpg 300w\" sizes=\"auto, (max-width: 1024px) 100vw, 1024px\" \/><img loading=\"lazy\" decoding=\"async\" width=\"1024\" height=\"576\" src=\"https:\/\/www.mec-arnsdorf.de\/wp-content\/uploads\/2015\/11\/20150220_214716.jpg\" class=\"slider-147 slide-159 msDefaultImage\" alt=\"\" data-caption=\"\" data-thumb=\"\" title=\"\" rel=\"\" srcset=\"https:\/\/www.mec-arnsdorf.de\/wp-content\/uploads\/2015\/11\/20150220_214716.jpg 1024w, https:\/\/www.mec-arnsdorf.de\/wp-content\/uploads\/2015\/11\/20150220_214716-300x169.jpg 300w\" sizes=\"auto, (max-width: 1024px) 100vw, 1024px\" \/><img loading=\"lazy\" decoding=\"async\" width=\"1024\" height=\"576\" src=\"https:\/\/www.mec-arnsdorf.de\/wp-content\/uploads\/2015\/11\/20150221_133426.jpg\" class=\"slider-147 slide-178 msDefaultImage\" alt=\"\" data-caption=\"\" data-thumb=\"\" title=\"\" rel=\"\" srcset=\"https:\/\/www.mec-arnsdorf.de\/wp-content\/uploads\/2015\/11\/20150221_133426.jpg 1024w, https:\/\/www.mec-arnsdorf.de\/wp-content\/uploads\/2015\/11\/20150221_133426-300x169.jpg 300w\" sizes=\"auto, (max-width: 1024px) 100vw, 1024px\" \/><img loading=\"lazy\" decoding=\"async\" width=\"1024\" height=\"576\" src=\"https:\/\/www.mec-arnsdorf.de\/wp-content\/uploads\/2015\/11\/20150220_221301.jpg\" class=\"slider-147 slide-168 msDefaultImage\" alt=\"\" data-caption=\"\" data-thumb=\"\" title=\"\" rel=\"\" srcset=\"https:\/\/www.mec-arnsdorf.de\/wp-content\/uploads\/2015\/11\/20150220_221301.jpg 1024w, https:\/\/www.mec-arnsdorf.de\/wp-content\/uploads\/2015\/11\/20150220_221301-300x169.jpg 300w\" sizes=\"auto, (max-width: 1024px) 100vw, 1024px\" \/><img loading=\"lazy\" decoding=\"async\" width=\"1024\" height=\"576\" src=\"https:\/\/www.mec-arnsdorf.de\/wp-content\/uploads\/2015\/11\/20150220_221941.jpg\" class=\"slider-147 slide-173 msDefaultImage\" alt=\"\" data-caption=\"\" data-thumb=\"\" title=\"\" rel=\"\" srcset=\"https:\/\/www.mec-arnsdorf.de\/wp-content\/uploads\/2015\/11\/20150220_221941.jpg 1024w, https:\/\/www.mec-arnsdorf.de\/wp-content\/uploads\/2015\/11\/20150220_221941-300x169.jpg 300w\" sizes=\"auto, (max-width: 1024px) 100vw, 1024px\" \/><img loading=\"lazy\" decoding=\"async\" width=\"1024\" height=\"768\" src=\"https:\/\/www.mec-arnsdorf.de\/wp-content\/uploads\/2015\/11\/20150109_220857.jpg\" class=\"slider-147 slide-154 msDefaultImage\" alt=\"\" data-caption=\"\" data-thumb=\"\" title=\"\" rel=\"\" srcset=\"https:\/\/www.mec-arnsdorf.de\/wp-content\/uploads\/2015\/11\/20150109_220857.jpg 1024w, https:\/\/www.mec-arnsdorf.de\/wp-content\/uploads\/2015\/11\/20150109_220857-300x225.jpg 300w\" sizes=\"auto, (max-width: 1024px) 100vw, 1024px\" \/><img loading=\"lazy\" decoding=\"async\" width=\"1024\" height=\"576\" src=\"https:\/\/www.mec-arnsdorf.de\/wp-content\/uploads\/2015\/11\/20150220_215442.jpg\" class=\"slider-147 slide-166 msDefaultImage\" alt=\"\" data-caption=\"\" data-thumb=\"\" title=\"\" rel=\"\" srcset=\"https:\/\/www.mec-arnsdorf.de\/wp-content\/uploads\/2015\/11\/20150220_215442.jpg 1024w, https:\/\/www.mec-arnsdorf.de\/wp-content\/uploads\/2015\/11\/20150220_215442-300x169.jpg 300w\" sizes=\"auto, (max-width: 1024px) 100vw, 1024px\" \/><img loading=\"lazy\" decoding=\"async\" width=\"1024\" height=\"576\" src=\"https:\/\/www.mec-arnsdorf.de\/wp-content\/uploads\/2015\/11\/20150220_215239.jpg\" class=\"slider-147 slide-164 msDefaultImage\" alt=\"\" data-caption=\"\" data-thumb=\"\" title=\"\" rel=\"\" srcset=\"https:\/\/www.mec-arnsdorf.de\/wp-content\/uploads\/2015\/11\/20150220_215239.jpg 1024w, https:\/\/www.mec-arnsdorf.de\/wp-content\/uploads\/2015\/11\/20150220_215239-300x169.jpg 300w\" sizes=\"auto, (max-width: 1024px) 100vw, 1024px\" \/><img loading=\"lazy\" decoding=\"async\" width=\"1024\" height=\"576\" src=\"https:\/\/www.mec-arnsdorf.de\/wp-content\/uploads\/2015\/11\/20150220_214730.jpg\" class=\"slider-147 slide-160 msDefaultImage\" alt=\"\" data-caption=\"\" data-thumb=\"\" title=\"\" rel=\"\" srcset=\"https:\/\/www.mec-arnsdorf.de\/wp-content\/uploads\/2015\/11\/20150220_214730.jpg 1024w, https:\/\/www.mec-arnsdorf.de\/wp-content\/uploads\/2015\/11\/20150220_214730-300x169.jpg 300w\" sizes=\"auto, (max-width: 1024px) 100vw, 1024px\" \/><img loading=\"lazy\" decoding=\"async\" width=\"1024\" height=\"768\" src=\"https:\/\/www.mec-arnsdorf.de\/wp-content\/uploads\/2015\/11\/20150109_220415.jpg\" class=\"slider-147 slide-152 msDefaultImage\" alt=\"\" data-caption=\"\" data-thumb=\"\" title=\"\" rel=\"\" srcset=\"https:\/\/www.mec-arnsdorf.de\/wp-content\/uploads\/2015\/11\/20150109_220415.jpg 1024w, https:\/\/www.mec-arnsdorf.de\/wp-content\/uploads\/2015\/11\/20150109_220415-300x225.jpg 300w\" sizes=\"auto, (max-width: 1024px) 100vw, 1024px\" \/><img loading=\"lazy\" decoding=\"async\" width=\"1024\" height=\"576\" src=\"https:\/\/www.mec-arnsdorf.de\/wp-content\/uploads\/2015\/11\/20150220_221523.jpg\" class=\"slider-147 slide-169 msDefaultImage\" alt=\"\" data-caption=\"\" data-thumb=\"\" title=\"\" rel=\"\" srcset=\"https:\/\/www.mec-arnsdorf.de\/wp-content\/uploads\/2015\/11\/20150220_221523.jpg 1024w, https:\/\/www.mec-arnsdorf.de\/wp-content\/uploads\/2015\/11\/20150220_221523-300x169.jpg 300w\" sizes=\"auto, (max-width: 1024px) 100vw, 1024px\" \/><img loading=\"lazy\" decoding=\"async\" width=\"1024\" height=\"576\" src=\"https:\/\/www.mec-arnsdorf.de\/wp-content\/uploads\/2015\/11\/20150220_215010.jpg\" class=\"slider-147 slide-162 msDefaultImage\" alt=\"\" data-caption=\"\" data-thumb=\"\" title=\"\" rel=\"\" srcset=\"https:\/\/www.mec-arnsdorf.de\/wp-content\/uploads\/2015\/11\/20150220_215010.jpg 1024w, https:\/\/www.mec-arnsdorf.de\/wp-content\/uploads\/2015\/11\/20150220_215010-300x169.jpg 300w\" sizes=\"auto, (max-width: 1024px) 100vw, 1024px\" \/><\/div><\/div>\n        \n    <\/div>\n<\/div>Der MEC Arnsdorf ist ein gemeinn\u00fctzlicher Verein. Im Rahmen der Vereinsarbeit arbeiten wir an der Darstellung des Eisenbahnbetriebs am und im Bahnhof Arnsdorf. Zeitlich haben wir uns dabei auf die Epoche IV um 1985 festgelegt. Auch wenn mittlerweile das Aussehen und der Betrieb ein ganz anderer ist, konservieren wir auf unserer Anlage den Bahnbetrieb um 1985, stellen Zugbetrieb dieser Zeit mit entsprechenden Fahrzeugen dar, veranschaulichen Sicherungstechnik sowie Zugabfertigung samt Rangierbetrieb. Neben dem Anspruch an vorbildnahen Bahnbetrieb, stellen wir den baulichen Zustand der Bahnanlagen rund um den Bahnhof Arndorf sowie den Bahnhof\/Bahnhofsgeb\u00e4ude selbst dar. F\u00fcr \u00e4ltere Arnsdorfer sicher eine Reise in ihre eigene Vergangenheit, f\u00fcr j\u00fcngere Besucher eine Reise in die Geschichte.<\/p>\n","protected":false},"excerpt":{"rendered":"<p>Der MEC Arnsdorf ist ein gemeinn\u00fctzlicher Verein. Im Rahmen der Vereinsarbeit arbeiten wir an der Darstellung des Eisenbahnbetriebs am und im Bahnhof Arnsdorf. Zeitlich haben wir uns dabei auf die Epoche IV um 1985 festgelegt. Auch wenn mittlerweile das Aussehen &hellip; <a href=\"https:\/\/www.mec-arnsdorf.de\/index.php\/verein\/\">Weiter<\/a><\/p>\n","protected":false},"author":1,"featured_media":0,"parent":0,"menu_order":0,"comment_status":"closed","ping_status":"closed","template":"page-fullwidth.php","meta":{"footnotes":""},"class_list":["post-24","page","type-page","status-publish","hentry"],"_links":{"self":[{"href":"https:\/\/www.mec-arnsdorf.de\/index.php\/wp-json\/wp\/v2\/pages\/24","targetHints":{"allow":["GET"]}}],"collection":[{"href":"https:\/\/www.mec-arnsdorf.de\/index.php\/wp-json\/wp\/v2\/pages"}],"about":[{"href":"https:\/\/www.mec-arnsdorf.de\/index.php\/wp-json\/wp\/v2\/types\/page"}],"author":[{"embeddable":true,"href":"https:\/\/www.mec-arnsdorf.de\/index.php\/wp-json\/wp\/v2\/users\/1"}],"replies":[{"embeddable":true,"href":"https:\/\/www.mec-arnsdorf.de\/index.php\/wp-json\/wp\/v2\/comments?post=24"}],"version-history":[{"count":5,"href":"https:\/\/www.mec-arnsdorf.de\/index.php\/wp-json\/wp\/v2\/pages\/24\/revisions"}],"predecessor-version":[{"id":191,"href":"https:\/\/www.mec-arnsdorf.de\/index.php\/wp-json\/wp\/v2\/pages\/24\/revisions\/191"}],"wp:attachment":[{"href":"https:\/\/www.mec-arnsdorf.de\/index.php\/wp-json\/wp\/v2\/media?parent=24"}],"curies":[{"name":"wp","href":"https:\/\/api.w.org\/{rel}","templated":true}]}}