{"id":438,"date":"2017-05-22T11:28:37","date_gmt":"2017-05-22T09:28:37","guid":{"rendered":"http:\/\/www.mec-arnsdorf.de\/?page_id=438"},"modified":"2017-05-22T11:43:43","modified_gmt":"2017-05-22T09:43:43","slug":"software","status":"publish","type":"page","link":"https:\/\/www.mec-arnsdorf.de\/index.php\/selectrix\/sx-anwenderwissen\/software\/","title":{"rendered":"Software"},"content":{"rendered":"<h2>Einstellsoftware (ST-TRAIN Server Modulprogrammierung V3.10)<\/h2>\n<p>Etwa seit Anfang 2005 haben wir zu Testzwecken f\u00fcr das Stellen von Weichen und Formsignalen Servos verschiedener Hersteller verwendet. Angesteuert werden die Servos von sogenannten Servo-Modulen. Um die technischen Parameter auf diese Module zu bringen, gibt es hierzu Einstellmodule. Durch bet\u00e4tigen von Tastern und Schaltern auf diesen ist hierbei m\u00fchsam das Servo in seinen Endpositionen und der Geschwindigkeit einzustellen. Bei Conrad Produkten werden direkt auf der Platine durch Potis die Werte eingestellt. Bei allen getesteten Angeboten empfand ich pers\u00f6nlich ein umsetzen der Bedienungsanleitung mitunter als recht schwierig. Auch musste man nach mehreren Tagen Pause die Unterlagen erneut zur Hand nehmen um den Einstellvorgang durchzuf\u00fchren. Oft wurde der falsche Taster oder das falsche Poti bet\u00e4tigt, so dass Fehler \u00f6fters auftraten.<\/p>\n<p>Mit dem Konzept, nur noch \u00fcber Selectrix Servos einzustellen und zu steuern, sind wir durch Zufall bei MTTM auf eine Einstellsoftware mit der Bezeichnung ST-TRAIN Server Modulprogrammierung V3.10 gesto\u00dfen. Seit etwa April 2008 gibt es diese beim Kauf des Servomoduls ST-005 f\u00fcr das Einstellen und Verwalten f\u00fcr Module von verschiedenen Herstellern mit (vor diesem Datum wurden \u00e4ltere Versionen die fehlerhaft waren und nur das Modul von MTTM ansteuern konnte, mitgeliefert). Die neue Software ist auch Inhalt des Steuerprogramms ST-TRAIN von MTTM.<\/p>\n<h3>Kurzbeschreibung \/ Test<\/h3>\n<p>Es wurde nur das Programm einzeln so wie beim Kauf eines Servomoduls getestet, war also bei uns nicht Inhalt der Modellbahnsteuerungssoftware ST-TRAIN! Getestet wurden die Einstellungen f\u00fcr das Servomodul ST-005 von MTTM, den Belegtmelder 8i sowie das Weichenmodul S\/D von M\u00dcT. Zur Anwendung kamen PC von Pentium 1 bis 4 mit mindestens 256 MB und von 866MHz bis 2GHz.<\/p>\n<p>Auswahl in Men\u00fczeile:<\/p>\n<ul>\n<li>Einstellungen\n<ul>\n<li>Interfaceeinstellungen mit welchem Com-Port, Baudrate und welcher Zentrale gearbeitet werden soll<\/li>\n<li>Sprache Deu \/ Engl. \/ Ital.<\/li>\n<\/ul>\n<\/li>\n<li>Hilfe\n<ul>\n<li>Hier ist f\u00fcr jedes Modul eine ausf\u00fchrliche \u201eSchritt f\u00fcr Schritt\u201c Beschreibung zu finden<\/li>\n<\/ul>\n<\/li>\n<\/ul>\n<p>Unter der Men\u00fczeile befinden sich zwei Zeilen zur Auswahl des jeweiligen Bauteils um Einstellen oder Dateiverwaltungen durchf\u00fchren zu k\u00f6nnen.<\/p>\n<h3>Einstellbare Bauteile\/Module<\/h3>\n\n<table id=\"tablepress-17\" class=\"tablepress tablepress-id-17 tbody-has-connected-cells\">\n<thead>\n<tr class=\"row-1\">\n\t<th colspan=\"3\" class=\"column-1\">Einstellbare Bauteile\/Module<br \/>\n<\/th>\n<\/tr>\n<\/thead>\n<tbody class=\"row-striping row-hover\">\n<tr class=\"row-2\">\n\t<td rowspan=\"3\" class=\"column-1\">MTTM <\/td><td class=\"column-2\">Multi IO-Modul <\/td><td class=\"column-3\">siehe Screenshot Bild 4<br \/>\n<\/td>\n<\/tr>\n<tr class=\"row-3\">\n\t<td class=\"column-2\">Servo-Modul <\/td><td class=\"column-3\">siehe Screenshot Bild 1<\/td>\n<\/tr>\n<tr class=\"row-4\">\n\t<td class=\"column-2\">Drehscheibe <\/td><td class=\"column-3\"><\/td>\n<\/tr>\n<tr class=\"row-5\">\n\t<td rowspan=\"2\" class=\"column-1\">TRIX <\/td><td class=\"column-2\">Belegtmelder 66844  <\/td><td class=\"column-3\"><\/td>\n<\/tr>\n<tr class=\"row-6\">\n\t<td class=\"column-2\">Weichendecoder 66828 <\/td><td class=\"column-3\">siehe Screenshot Bild 3<\/td>\n<\/tr>\n<tr class=\"row-7\">\n\t<td rowspan=\"3\" class=\"column-1\">M\u00fct <\/td><td class=\"column-2\"> Weichendecoder  <\/td><td class=\"column-3\">siehe Screenshot Bild 2<br \/>\n<\/td>\n<\/tr>\n<tr class=\"row-8\">\n\t<td class=\"column-2\">Signal-Modul SAM1 <\/td><td class=\"column-3\"><\/td>\n<\/tr>\n<tr class=\"row-9\">\n\t<td class=\"column-2\">Belegtmelder 8i <\/td><td class=\"column-3\"><\/td>\n<\/tr>\n<\/tbody>\n<\/table>\n<!-- #tablepress-17 from cache -->\n<figure id=\"attachment_443\" class=\"thumbnail wp-caption aligncenter\" style=\"width: 300px\"><a href=\"https:\/\/www.mec-arnsdorf.de\/wp-content\/uploads\/2017\/05\/Software-1-mttm_servo_modul_mit_geoeffneter_menuezeile.jpg\"><img loading=\"lazy\" decoding=\"async\" class=\"size-medium wp-image-443\" src=\"https:\/\/www.mec-arnsdorf.de\/wp-content\/uploads\/2017\/05\/Software-1-mttm_servo_modul_mit_geoeffneter_menuezeile-300x167.jpg\" alt=\"Screenshot 1 - MTTM Servomodul\" width=\"300\" height=\"167\" srcset=\"https:\/\/www.mec-arnsdorf.de\/wp-content\/uploads\/2017\/05\/Software-1-mttm_servo_modul_mit_geoeffneter_menuezeile-300x167.jpg 300w, https:\/\/www.mec-arnsdorf.de\/wp-content\/uploads\/2017\/05\/Software-1-mttm_servo_modul_mit_geoeffneter_menuezeile-768x427.jpg 768w, https:\/\/www.mec-arnsdorf.de\/wp-content\/uploads\/2017\/05\/Software-1-mttm_servo_modul_mit_geoeffneter_menuezeile.jpg 1024w\" sizes=\"auto, (max-width: 300px) 100vw, 300px\" \/><\/a><figcaption class=\"caption wp-caption-text\">Screenshot 1 &#8211; MTTM Servomodul<\/figcaption><\/figure>\n<p>&nbsp;<\/p>\n<figure id=\"attachment_444\" class=\"thumbnail wp-caption aligncenter\" style=\"width: 300px\"><a href=\"https:\/\/www.mec-arnsdorf.de\/wp-content\/uploads\/2017\/05\/Software-2-muet_weichendecoder.jpg\"><img loading=\"lazy\" decoding=\"async\" class=\"size-medium wp-image-444\" src=\"https:\/\/www.mec-arnsdorf.de\/wp-content\/uploads\/2017\/05\/Software-2-muet_weichendecoder-300x269.jpg\" alt=\"Screenshot 2 - M\u00fct Weichendecoder\" width=\"300\" height=\"269\" srcset=\"https:\/\/www.mec-arnsdorf.de\/wp-content\/uploads\/2017\/05\/Software-2-muet_weichendecoder-300x269.jpg 300w, https:\/\/www.mec-arnsdorf.de\/wp-content\/uploads\/2017\/05\/Software-2-muet_weichendecoder-768x689.jpg 768w, https:\/\/www.mec-arnsdorf.de\/wp-content\/uploads\/2017\/05\/Software-2-muet_weichendecoder.jpg 1024w\" sizes=\"auto, (max-width: 300px) 100vw, 300px\" \/><\/a><figcaption class=\"caption wp-caption-text\">Screenshot 2 &#8211; M\u00fct Weichendecoder<\/figcaption><\/figure>\n<p>&nbsp;<\/p>\n<figure id=\"attachment_445\" class=\"thumbnail wp-caption aligncenter\" style=\"width: 300px\"><a href=\"https:\/\/www.mec-arnsdorf.de\/wp-content\/uploads\/2017\/05\/Software-3-trix_weichendecoder_66828.jpg\"><img loading=\"lazy\" decoding=\"async\" class=\"size-medium wp-image-445\" src=\"https:\/\/www.mec-arnsdorf.de\/wp-content\/uploads\/2017\/05\/Software-3-trix_weichendecoder_66828-300x270.jpg\" alt=\"Screenshot 3 - Trix Weichendecoder\" width=\"300\" height=\"270\" srcset=\"https:\/\/www.mec-arnsdorf.de\/wp-content\/uploads\/2017\/05\/Software-3-trix_weichendecoder_66828-300x270.jpg 300w, https:\/\/www.mec-arnsdorf.de\/wp-content\/uploads\/2017\/05\/Software-3-trix_weichendecoder_66828-768x692.jpg 768w, https:\/\/www.mec-arnsdorf.de\/wp-content\/uploads\/2017\/05\/Software-3-trix_weichendecoder_66828.jpg 1024w\" sizes=\"auto, (max-width: 300px) 100vw, 300px\" \/><\/a><figcaption class=\"caption wp-caption-text\">Screenshot 3 &#8211; Trix Weichendecoder<\/figcaption><\/figure>\n<p>&nbsp;<\/p>\n<figure id=\"attachment_446\" class=\"thumbnail wp-caption aligncenter\" style=\"width: 300px\"><a href=\"https:\/\/www.mec-arnsdorf.de\/wp-content\/uploads\/2017\/05\/Software-4-mttm_multi_io-modul.jpg\"><img loading=\"lazy\" decoding=\"async\" class=\"size-medium wp-image-446\" src=\"https:\/\/www.mec-arnsdorf.de\/wp-content\/uploads\/2017\/05\/Software-4-mttm_multi_io-modul-300x268.jpg\" alt=\"Screenshot 4 - MTTM Multi IO-Modul\" width=\"300\" height=\"268\" srcset=\"https:\/\/www.mec-arnsdorf.de\/wp-content\/uploads\/2017\/05\/Software-4-mttm_multi_io-modul-300x268.jpg 300w, https:\/\/www.mec-arnsdorf.de\/wp-content\/uploads\/2017\/05\/Software-4-mttm_multi_io-modul-768x686.jpg 768w, https:\/\/www.mec-arnsdorf.de\/wp-content\/uploads\/2017\/05\/Software-4-mttm_multi_io-modul.jpg 1024w\" sizes=\"auto, (max-width: 300px) 100vw, 300px\" \/><\/a><figcaption class=\"caption wp-caption-text\">Screenshot 4 &#8211; MTTM Multi IO-Modul<\/figcaption><\/figure>\n<p>&nbsp;<\/p>\n<p>Im Bedienfeld ist rechts oben ein vereinfachtes Abbild des ausgew\u00e4hlten Bauteiles zu sehen. So ist schon nur durch Blick auf dieses Bild zu erkennen, ob ich das richtige Men\u00fc f\u00fcr mein Bauteil ausgew\u00e4hlt habe. Alle zurzeit verf\u00fcgbaren Interface werde unterst\u00fctzt. Es k\u00f6nnen die Ger\u00e4te \u00fcber insgesamt 9 Datenbusse angesteuert werden! Alle verf\u00fcgbaren Steuerzentralen werden unterst\u00fctzt. Bei Endlageneinstellungen der Servos sollte abgewartet werden, bis die Endlage erreicht ist, ehe nach der anderen Seite gestartet wird.<\/p>\n<p>Vorteile: In der Statuszeile werden Bedienfehler an der Zentrale (z.B. Fahrstrom noch an) oder Verbindungsfehler (z.B. falschen Com-Port oder Baudrate) sofort angezeigt. Damit kann systematisch auf Fehlersuche gegangen werden. Durch die \u201eHilfe-Datei\u201c konnte schnell vergessenes Wissen oder Bedienfehler behoben werden. Negativ aufgefallen aber unbedeutend: Die Ger\u00e4tebezeichnungen f\u00fcr die M\u00dcT Module entsprechen nicht 100%ig den Bezeichnungen wie sie von der Fa. M\u00dcT angeboten werden. Beim Abspeichern von Dateien muss darauf geachtet werden, dass immer der richtige Name aufgef\u00fchrt ist. Auch wenn aus dem Speicher eine Datei aufgerufen wurde, zum abspeichern kam immer ein undefinierter Dateiname zum Vorschein. Man muss sich also den Dateinamen merken.<\/p>\n<h3>Fazit<\/h3>\n<p>Wer seine Modellbahn nicht \u00fcber PC steuert und trotzdem den Vorteil f\u00fcr das Einstellen und Abspeichern der Kennwerte per PC nutzen m\u00f6chte, f\u00fcr diesen Personenkreis gibt es nun endlich eine Software, welche die Module von verschiedenen Produzenten einstellen und die Daten sehr geordnet verwalten kann. Steuert der PC bereits die Modellbahnanlage, so ist dieses Programm eine sehr gute Erg\u00e4nzung. ST-TRAIN Benutzer, die noch eine \u00e4ltere Version benutzen, sollten sich mit MTTM in Verbindung setzen, um die neueste Version zu bekommen. Durch die optische Anzeige der Ger\u00e4te ist ein verwechseln fast ausgeschlossen. Eine sehr gute Hilfe Datei zeigt die Vorgehensweise f\u00fcr jedes Modul. Selbst unerfahrenen PC Anwendern d\u00fcrfte damit eine sehr leicht zu handhabende Bedienoberfl\u00e4che gegeben sein. Einzigster Wermutstropfen: Um nicht st\u00e4ndig zwischen \u201eBaustelle\u201c und PC hin und her \u201ezu gleiten\u201c, ist es ratsam, mit einer zweiten Person diese Einstellungen durchzuf\u00fchren. Alternativ hilft nur ein Laptop mit langem Schnittstellenkabel damit man auf und unter der Platte direkt vor Ort ist. Kurz gesagt, es ist ein Programm was Ordnung schafft.<\/p>\n<p>&nbsp;<\/p>\n","protected":false},"excerpt":{"rendered":"<p>Einstellsoftware (ST-TRAIN Server Modulprogrammierung V3.10) Etwa seit Anfang 2005 haben wir zu Testzwecken f\u00fcr das Stellen von Weichen und Formsignalen Servos verschiedener Hersteller verwendet. Angesteuert werden die Servos von sogenannten Servo-Modulen. Um die technischen Parameter auf diese Module zu bringen, &hellip; <a href=\"https:\/\/www.mec-arnsdorf.de\/index.php\/selectrix\/sx-anwenderwissen\/software\/\">Weiter<\/a><\/p>\n","protected":false},"author":1,"featured_media":0,"parent":317,"menu_order":14,"comment_status":"open","ping_status":"closed","template":"page-fullwidth.php","meta":{"footnotes":""},"class_list":["post-438","page","type-page","status-publish","hentry"],"_links":{"self":[{"href":"https:\/\/www.mec-arnsdorf.de\/index.php\/wp-json\/wp\/v2\/pages\/438","targetHints":{"allow":["GET"]}}],"collection":[{"href":"https:\/\/www.mec-arnsdorf.de\/index.php\/wp-json\/wp\/v2\/pages"}],"about":[{"href":"https:\/\/www.mec-arnsdorf.de\/index.php\/wp-json\/wp\/v2\/types\/page"}],"author":[{"embeddable":true,"href":"https:\/\/www.mec-arnsdorf.de\/index.php\/wp-json\/wp\/v2\/users\/1"}],"replies":[{"embeddable":true,"href":"https:\/\/www.mec-arnsdorf.de\/index.php\/wp-json\/wp\/v2\/comments?post=438"}],"version-history":[{"count":3,"href":"https:\/\/www.mec-arnsdorf.de\/index.php\/wp-json\/wp\/v2\/pages\/438\/revisions"}],"predecessor-version":[{"id":447,"href":"https:\/\/www.mec-arnsdorf.de\/index.php\/wp-json\/wp\/v2\/pages\/438\/revisions\/447"}],"up":[{"embeddable":true,"href":"https:\/\/www.mec-arnsdorf.de\/index.php\/wp-json\/wp\/v2\/pages\/317"}],"wp:attachment":[{"href":"https:\/\/www.mec-arnsdorf.de\/index.php\/wp-json\/wp\/v2\/media?parent=438"}],"curies":[{"name":"wp","href":"https:\/\/api.w.org\/{rel}","templated":true}]}}