{"id":75,"date":"2015-11-23T11:33:41","date_gmt":"2015-11-23T10:33:41","guid":{"rendered":"http:\/\/www.mec-arnsdorf.de\/?page_id=75"},"modified":"2017-05-29T08:17:49","modified_gmt":"2017-05-29T06:17:49","slug":"selectrix","status":"publish","type":"page","link":"https:\/\/www.mec-arnsdorf.de\/index.php\/selectrix\/","title":{"rendered":"Selectrix"},"content":{"rendered":"<p>Das Digitalsystem &#8222;Selectrix&#8220; (kurz: SX) ist das System unserer Wahl und bildet das R\u00fcckrad der digitalen Anlagensteuerung bei uns im Verein. Einen Wikipedia-Artikel zu Selectrix ist hier zu finden: <a href=\"https:\/\/de.wikipedia.org\/wiki\/Selectrix\" target=\"_blank\" rel=\"noopener noreferrer\">Link <\/a><br \/>\nErg\u00e4nzend zum Wikipedia-Artikel sind im Navigationsmen\u00fc weiter interessante Links rund um Selectrix zu finden.<\/p>\n<p>Selectrix ist zugegebenerma\u00dfen ein System mit geringerer Verbreitung als DCC. Doch dieser Fakt sagt nichts \u00fcber die Qualit\u00e4t und Leistungsf\u00e4higkeit dieses Systems aus &#8211; es ist vielmehr historisch begr\u00fcndet, dass SX lange Zeit eher ein &#8222;Schattendasein&#8220; fristete. Schaut man sich jedoch die aktuelle Marktlage an, kann man einen deutlichen Aufwind f\u00fcr SX selbst und SX-basierende Systeme erkennen. SX hat sich weiterentwickelt und ist in der &#8222;Multiprotokoll-Welt&#8220; angekommen. Dadurch steht dem Anwender die Wahl des Gleisformates (SX1, SX2, DCC) frei und hat dennoch ein leistungsf\u00e4higes SX-System als Basis.<\/p>\n<p>Warum haben wir uns im MEC Arnsdorf f\u00fcr Selectrix entschieden?<br \/>\nDiese Frage ist nicht schnell zu beantworten, da viel Detailrecherche der Systementscheidung vorausging. Zusammengefasst kann aber gesagt werden: Weil Qualit\u00e4t \u00fcberzeugt! Entscheidender Vorteil von SX ist, dass das System auf einem digitalen Steuerbus beruht, der in den MOROP-Normen (<a href=\"http:\/\/www.miba.de\/morop\/\" target=\"_blank\" rel=\"noopener noreferrer\">Link<\/a>) NEM 680 und NEM 681 definiert\/genormt ist. Dies stellt sicher, dass Komponenten, egal welcher Hersteller, untereinander kompatibel sind, denn allen liegt der offene und einheitliche Datenbus zugrunde. Details zum SX-Protokoll und SX-Adressen k\u00f6nnen hier nachgelesen werden:<\/p>\n<ul>\n<li><a href=\"https:\/\/www.mec-arnsdorf.de\/index.php\/selectrix\/selectrix-protokoll\/\" target=\"_blank\" rel=\"noopener noreferrer\">SX-Protokoll<\/a><\/li>\n<li><a href=\"https:\/\/www.mec-arnsdorf.de\/index.php\/selectrix\/selectrix-adressen\/\" target=\"_blank\" rel=\"noopener noreferrer\">SX-Adressen<\/a><\/li>\n<\/ul>\n<p>Im Verein haben wir die M\u00f6glichkeit, die Zentralen<\/p>\n<ul>\n<li>Trix Central Control (CC2000)<\/li>\n<li>M\u00fct Multi Control 2004 (MC2004)<\/li>\n<li>Doehler &amp; Haass Future Central Control (FCC)<\/li>\n<li>rautenhaus digital RMX<\/li>\n<\/ul>\n<p>einzusetzen und vorzustellen. Fragen zu diesen Systemen k\u00f6nnen gern im <a href=\"http:\/\/forum.mec-arnsdorf.de\/\" target=\"_blank\" rel=\"noopener noreferrer\">Forum<\/a> oder per <a href=\"https:\/\/www.mec-arnsdorf.de\/index.php\/kontakt\/\">Kontaktformular <\/a>beantwortet werden.<\/p>\n","protected":false},"excerpt":{"rendered":"<p>Das Digitalsystem &#8222;Selectrix&#8220; (kurz: SX) ist das System unserer Wahl und bildet das R\u00fcckrad der digitalen Anlagensteuerung bei uns im Verein. Einen Wikipedia-Artikel zu Selectrix ist hier zu finden: Link Erg\u00e4nzend zum Wikipedia-Artikel sind im Navigationsmen\u00fc weiter interessante Links rund &hellip; <a href=\"https:\/\/www.mec-arnsdorf.de\/index.php\/selectrix\/\">Weiter<\/a><\/p>\n","protected":false},"author":1,"featured_media":0,"parent":0,"menu_order":0,"comment_status":"closed","ping_status":"closed","template":"page-fullwidth.php","meta":{"footnotes":""},"class_list":["post-75","page","type-page","status-publish","hentry"],"_links":{"self":[{"href":"https:\/\/www.mec-arnsdorf.de\/index.php\/wp-json\/wp\/v2\/pages\/75","targetHints":{"allow":["GET"]}}],"collection":[{"href":"https:\/\/www.mec-arnsdorf.de\/index.php\/wp-json\/wp\/v2\/pages"}],"about":[{"href":"https:\/\/www.mec-arnsdorf.de\/index.php\/wp-json\/wp\/v2\/types\/page"}],"author":[{"embeddable":true,"href":"https:\/\/www.mec-arnsdorf.de\/index.php\/wp-json\/wp\/v2\/users\/1"}],"replies":[{"embeddable":true,"href":"https:\/\/www.mec-arnsdorf.de\/index.php\/wp-json\/wp\/v2\/comments?post=75"}],"version-history":[{"count":4,"href":"https:\/\/www.mec-arnsdorf.de\/index.php\/wp-json\/wp\/v2\/pages\/75\/revisions"}],"predecessor-version":[{"id":494,"href":"https:\/\/www.mec-arnsdorf.de\/index.php\/wp-json\/wp\/v2\/pages\/75\/revisions\/494"}],"wp:attachment":[{"href":"https:\/\/www.mec-arnsdorf.de\/index.php\/wp-json\/wp\/v2\/media?parent=75"}],"curies":[{"name":"wp","href":"https:\/\/api.w.org\/{rel}","templated":true}]}}